se f*a - 7*a + 600 = 0. What is the units digit of a?
0
Let w(i) be the third derivative of i**6/18 + i**5/60 + i**4/24 + i**3 - 3*i**2. Let q(z) be the first derivative of w(z). What is the tens digit of q(-1)?
1
Suppose 10*l + 102 - 5782 = 0. What is the tens digit of l?
6
Suppose 3*l = 7 + 8, 5*l - 5 = 2*x. Suppose 0 = 5*r + x, 2*i = -4*r - 0*r. Suppose i - 2 = h. What is the units digit of h?
2
Let z = -516 - -983. What is the hundreds digit of z?
4
Let n be ((-6)/8)/((-8)/192). Let u be (-4*12)/(2/(-2)). Suppose -3*r + n = 3*s - u, s = -2*r + 45. What is the tens digit of r?
2
Let s = -29 + 1386. What is the units digit of s?
7
Let f = 716 - 1479. What is the units digit of f/(-9) + (-10)/(-45)?
5
Let h = 817 + -364. What is the units digit of h?
3
Let t(d) = 696*d**2 + 7*d + 12. What is the hundreds digit of t(-2)?
7
Let t(w) = w**2 + 4*w - 3. Let c = 5 - 2. Let x be t(c). Suppose -4 = 2*a - x. What is the units digit of a?
7
What is the thousands digit of (-15496)/(-6) + 6/18?
2
What is the units digit of (7866/60 - -3) + 3/(-30)?
4
Suppose i - 185 = -3*b, 4*b + 5*i - 197 = 68. Suppose 3*d = 2*n + 44, -4*d + 0*n = -4*n - b. What is the units digit of 4/32*4*d?
7
Suppose -n + 1 = 0, -7*r = -2*r + n - 5876. What is the hundreds digit of r?
1
Suppose 2*j = -5*f + 26 + 31, -3*f = -j - 32. Let k = f - 9. What is the units digit of k?
2
Let i = 112 - 220. Let g = 3 + i. Let u = g + 157. What is the units digit of u?
2
Let w(u) = -29*u**3 + 4*u**2 - u + 19. What is the tens digit of w(-3)?
4
Suppose 0 = -0*t + 6*t - 12. Suppose -2*z - 228 = -2*h, z + 1 = t. What is the hundreds digit of h?
1
Suppose -2*v = v + 81. Let w be 1/3 + 198/v. Let t = w - -23. What is the units digit of t?
6
Let l be 279/(-72) - 1/8. Let d be 3/(-9) + 13/3. What is the units digit of 16*(12/l + d)?
6
Suppose 32 + 0 = -4*c. Let h be (-4)/c*0 + 34. Let y = h - 24. What is the tens digit of y?
1
Let i be 9/5 + (-1)/(-5). Suppose 3*d - 19 = i*s - 95, -38 = -s + 4*d. What is the units digit of s?
8
Suppose -6*l + 4*l = -g + 12, 0 = -g - 5*l - 23. Suppose j - g*j = -58. What is the units digit of j?
8
Let h(n) = -n**3 + 6*n**2 + 16*n + 3. Let s be h(8). What is the units digit of (s/((-12)/56))/(3/(-33))?
4
Let j = 1895 - -70. What is the thousands digit of j?
1
Let p(w) = 142*w**2 - 9*w + 18. What is the thousands digit of p(3)?
1
Suppose -5*h - 544 = -1619. Let f = h + -153. What is the tens digit of f?
6
Suppose 41 = -l - 3*f - 2*f, -5*l = -4*f + 321. Let y = -59 - l. What is the units digit of y?
2
Suppose -3*s + 5*o = -92, -31 - 29 = -3*s - 3*o. Suppose -p + 6 = s. What is the units digit of (-248)/p + (-2)/(-9)?
4
Suppose 5*o + 35 = -0*o. Let l be 8/84 + (-164)/(-42). What is the units digit of (o + 3)/(l/(-16))?
6
Let z be -1 - 0 - (118 + 28/(-4)). Let v = -41 - z. What is the tens digit of v?
7
Let d be (4 + -3 + 0)*2. Suppose -d*i - 3*x + 4 = -5*x, 6 = 3*i + 5*x. Suppose -6 = -i*z - 4. What is the units digit of z?
1
Let y(t) = -45*t - 4. Let p be y(3). Let q = -63 - p. What is the units digit of q?
6
What is the units digit of ((269/(-5))/(-1))/((-37)/(-185))?
9
Let j(o) = -2*o + 9. Let z(k) = k + 1. Let b(q) = -5*j(q) - 20*z(q). What is the units digit of b(-19)?
5
Let x(v) = -173*v + 63. What is the units digit of x(-6)?
1
Let c(p) = -2*p - 16. Let o(j) = 2*j + 15. Let a(z) = -3*c(z) - 4*o(z). Let m be a(-13). What is the units digit of m/((-4)/8*-4)?
7
Let x = -14 + 22. Let o(u) = -u**3 + 10*u**2 - 6*u. Let b be o(10). What is the units digit of 2/x - 1425/b?
4
Let u be 3*(-2405)/(-15) - 5. Suppose 0 = -9*a - 5*a + u. What is the units digit of a?
4
Let i(f) be the third derivative of -f**6/120 + f**5/10 + f**4/4 + 3*f**3/2 + f**2. Let m be i(7). Suppose g = -0*g + m. What is the units digit of g?
2
Let n(u) = 6*u**2 - 2*u - 1. Let d be n(-2). Let q be (-16)/(-10) - d/45. What is the units digit of ((-160)/(-24))/(q/6)?
0
Let j = -711 + 1077. Suppose -4*a + j = a - 3*v, -2*v = -a + 76. What is the units digit of a?
2
Let t = 12 + -10. Let f be (-10)/((-10)/t + 3). Suppose 10*j = f*j + 110. What is the units digit of j?
2
Let u be 10/(-15) + (-14)/(-3). Suppose 52 = 2*d - 2*j, -u*d = -0*d + j - 114. What is the units digit of d?
8
Suppose 0 = -5*p + 60 - 40. Suppose 0 = -u - p*g + 2*g + 119, -2*u + 5*g = -211. What is the units digit of u?
3
Let g(l) = 5*l - 15 + 2*l - 2*l - 2*l. Let h be g(5). Suppose h*s + 4*k = s - 64, 5*s + 2*k - 210 = 0. What is the units digit of s?
4
Let i = -29 + 25. What is the tens digit of 1*(196 + i) + 3?
9
Let s(w) = -w**2 + 9*w + 3. Let i be s(9). Suppose 12*m = 11*m. Suppose m = 4*c - i*c - 4. What is the units digit of c?
4
Let b(u) = u**3 + 8*u**2 - 12*u - 2. What is the tens digit of b(4)?
4
Suppose 4*a = -2*x + 369 + 2299, 5*a - 3332 = -x. What is the units digit of a?
6
Suppose n - 533 = 5*y, 3*y + 3 = -5*n - 300. Let i = y - -148. What is the tens digit of i?
4
What is the units digit of ((-48)/(-66))/(-4) + 70032/33?
2
What is the hundreds digit of (2 - 3)/((-10928)/(-3644) + -3)?
9
Let v = 38 + -33. Suppose 4*j = 3*k + 31, -4*j - v = -5*j - 2*k. What is the units digit of j?
7
Suppose 0 = 51*r - 32*r - 41344. What is the thousands digit of r?
2
Let r be (-4 - (-29)/5)/(15/50). What is the hundreds digit of (-2890)/(-15) - 4/r?
1
Let d(s) = 25*s**2 - 2*s - 3. Let k be d(4). Let h(g) = g**2 - 374 + g + 0*g**2 + k. What is the tens digit of h(0)?
1
Let j(w) = w**3 + 4*w**2 - 7*w - 8. Let f be j(-5). Suppose f*h + 2*q + 69 = 179, 5*h - 4*q - 248 = 0. What is the units digit of h?
2
Suppose -4*h + n = -2*n + 1, -3*h = -2*n. What is the tens digit of -2 + (10/6 - h)*-129?
4
Let n = -7 + 11. Suppose 4 = -n*t + 20. What is the units digit of t + (-4 + 2)*1?
2
Let t = -14 - -23. Let y(b) = b**2 + b - 7. What is the units digit of y(t)?
3
Let u = 53 + 412. What is the tens digit of u?
6
Suppose 0 = -4*o - 3*a + 20 + 52, -5*a = o - 18. What is the units digit of (-2)/9 + 814/o?
5
Let k(l) = -18*l**3 + l**2 - 2*l - 3. Suppose 2 = n - 1, -4*y = -5*n + 23. What is the hundreds digit of k(y)?
1
Suppose -12808 - 16081 = -7*i. What is the hundreds digit of i?
1
Suppose -52*d - 127253 = -105*d. What is the thousands digit of d?
2
Let k = -12124 - -18249. What is the thousands digit of k?
6
Suppose -5*y - 6*y + 7656 = 0. What is the units digit of y?
6
Let s(r) be the third derivative of r**5/60 + r**4/24 + 20*r**3/3 + r**2. Suppose -3 = -j, 3 = -3*h - 3*j + 4*j. What is the units digit of s(h)?
0
Suppose i - 2*b = 3*b - 10, 3*i = -5*b - 10. What is the units digit of i/(((-12)/52)/3)?
5
Suppose 0 = 52*r - 134*r + 174988. What is the hundreds digit of r?
1
Let a(x) = -x**3 + 2*x**2 - 12*x + 1164. What is the thousands digit of a(0)?
1
Suppose -2*g - 678 = -4*k, 4*k = 5*k + g - 162. What is the tens digit of k?
6
Let i = 86 + -83. Let y = i + 114. What is the hundreds digit of y?
1
Let h(c) = -c**2 + 10*c - 20. Let f be h(8). What is the tens digit of 96 + (f - (-6 - -4))?
9
What is the hundreds digit of (-8721)/(-18)*48/18?
2
Suppose 0 = -2*o - 3*u + 567 + 628, -5*o + 2956 = -3*u. What is the hundreds digit of o?
5
Let o(x) = 8*x + x**2 - 2*x + 3 + 0*x + 1. Let p be o(-6). What is the tens digit of 6/p*(-224)/(-12)?
2
Let s(f) = -f**3 + 8*f**2 - 12*f + 9. Suppose 0*j + 6*j - 78 = 0. Let g = 19 - j. What is the units digit of s(g)?
9
Let w(z) = -z**3 - 11*z**2 + 6. Let l be w(-11). Suppose 2*g - l = -g. Let f = 28 - g. What is the units digit of f?
6
What is the units digit of 5732/30 - 14/210?
1
Let z(o) = 92*o - 33. Let t be z(5). Let c = 651 - t. What is the units digit of c?
4
Let j(o) = o**3 + 5*o**2 - 13*o + 4. What is the tens digit of j(-6)?
4
Suppose -f = -1 + 2. Let o be (24 - 1)*(-15)/(-15). Let r = o + f. What is the tens digit of r?
2
Let w be (-4 + 2)/(4/(-278)). Suppose -5*u + 436 + w = 0. What is the hundreds digit of u?
1
Let f(v) = 12*v. Let j be f(1). Let h = 39 - j. Let d = -8 + h. What is the units digit of d?
9
Let i(v) = v**3 + v**2 - 4*v - 4. Let f be i(-2). Suppose -3*z = -4*w - 59, -2*z + 6*z + 5*w = 58. Suppose -y + z + 15 = f. What is the tens digit of y?
3
Let o be 3/(-2) - (-92)/8. What is the units digit of (-2256)/(-40) - (-6)/o?
7
Suppose -5*y + 17 = 2. Suppose -l = -2*l + 3*q + 88, -3*q - 240 = -y*l. Wha